composite?
True
Is 106979 composite?
False
Is 160829 composite?
False
Is 13963 a composite number?
False
Is 1383829 a composite number?
False
Is 2237 composite?
False
Is 3453 a composite number?
True
Is 5333 a composite number?
False
Is 29917 a prime number?
True
Is 52763 a composite number?
True
Is 301633 a prime number?
False
Is 111433 prime?
False
Is 231419 a prime number?
True
Is 583727 composite?
False
Is 212179 a composite number?
True
Is 2743 a prime number?
False
Is 49846 composite?
True
Is 738859 a composite number?
True
Is 3997 composite?
True
Is 250147 a prime number?
True
Is 4034 a prime number?
False
Is 2459 a prime number?
True
Is 5951 a prime number?
False
Is 735781 a composite number?
False
Is 2483 prime?
False
Is 568679 a prime number?
True
Is 117149 a prime number?
False
Is 371103 a prime number?
False
Is 581587 a composite number?
True
Is 5627 a composite number?
True
Is 121403 prime?
True
Is 685319 a prime number?
True
Is 6637 a prime number?
True
Is 95311 a prime number?
True
Is 177699 a composite number?
True
Is 34241 a prime number?
False
Is 2971 composite?
False
Is 26395 prime?
False
Is 83023 prime?
True
Is 198035 composite?
True
Is 8287 composite?
False
Is 40195 composite?
True
Is 207457 a composite number?
False
Is 19937 a composite number?
False
Is 9516269 a prime number?
False
Is 20609 composite?
True
Is 1803073 prime?
False
Is 115113 prime?
False
Is 790021 composite?
False
Is 27355 a composite number?
True
Is 22271 a composite number?
False
Is 1936229 a composite number?
True
Is 107629 a prime number?
False
Is 821 prime?
True
Is 10907 prime?
False
Is 5716091 a composite number?
False
Is 1030513 composite?
True
Is 50411 prime?
True
Is 67901 prime?
True
Is 76561 prime?
True
Is 39821 a composite number?
False
Is 23917 composite?
False
Is 7811 composite?
True
Is 2999 a prime number?
True
Is 137239 a prime number?
True
Is 3777 prime?
False
Is 22807 a prime number?
True
Is 895863 a composite number?
True
Is 7649 prime?
True
Is 1319609 a composite number?
False
Is 11510947 composite?
True
Is 4645 a prime number?
False
Is 17401 composite?
False
Is 1739251 a prime number?
True
Is 3149 a prime number?
False
Is 52157 a prime number?
False
Is 16367 a prime number?
False
Is 136559 a composite number?
False
Is 2495 prime?
False
Is 182719 composite?
True
Is 117377 a composite number?
True
Is 883 a prime number?
True
Is 209213 composite?
False
Is 1161991 composite?
False
Is 421469 a prime number?
True
Is 66739 prime?
True
Is 112433 composite?
True
Is 6743 prime?
False
Is 17693 a prime number?
False
Is 971 prime?
True
Is 12097 a composite number?
False
Is 209039 a composite number?
False
Is 113927 a prime number?
False
Is 70501 a composite number?
False
Is 4555 a composite number?
True
Is 14381 prime?
False
Is 549683 composite?
False
Is 39209 composite?
False
Is 42505 a composite number?
True
Is 244379 a composite number?
False
Is 398237 composite?
True
Is 44539 composite?
True
Is 17803 composite?
True
Is 4177 a prime number?
True
Is 7753 composite?
False
Is 11223803 a prime number?
True
Is 3943 a composite number?
False
Is 67937 prime?
False
Is 3863 a composite number?
False
Is 135155 prime?
False
Is 134173 prime?
False
Is 33851 a prime number?
True
Is 13613 composite?
False
Is 2230301 a composite number?
False
Is 326531 composite?
True
Is 5879 a prime number?
True
Is 82213 a prime number?
False
Is 25131 prime?
False
Is 103787 prime?
True
Is 51479 prime?
True
Is 1923 composite?
True
Is 65617 a composite number?
False
Is 660019 a prime number?
False
Is 10831 prime?
True
Is 23143 a composite number?
False
Is 4747 a composite number?
True
Is 131791 a composite number?
True
Is 34103 a prime number?
False
Is 161353 a composite number?
True
Is 106243 prime?
True
Is 230543 a composite number?
True
Is 6761 a composite number?
False
Is 15767 a composite number?
False
Is 681287 prime?
False
Is 1190861 prime?
False
Is 56359 prime?
True
Is 5809 a composite number?
True
Is 420029 prime?
True
Is 97687 a prime number?
True
Is 35633 a prime number?
False
Is 57797 composite?
True
Is 1501 a composite number?
True
Is 32649 a composite number?
True
Is 264437 a composite number?
False
Is 82349 a prime number?
True
Is 32113 prime?
False
Is 36973 a prime number?
True
Is 23554 a prime number?
False
Is 73751 a prime number?
True
Is 114547 prime?
True
Is 280649 composite?
True
Is 79531 prime?
True
Is 254489 a prime number?
True
Is 68813 composite?
False
Is 1073 a prime number?
False
Is 26293 a prime number?
True
Is 306301 composite?
False
Is 907 a prime number?
True
Is 6259 a composite number?
True
Is 18899 a composite number?
False
Is 41803 prime?
False
Is 1249 a prime number?
True
Is 30799 a composite number?
True
Is 4849 a prime number?
False
Is 285661 a prime number?
True
Is 2227 prime?
False
Is 8149 prime?
False
Is 3223 a prime number?
False
Is 611 a composite number?
True
Is 4222927 prime?
True
Is 3805951 composite?
False
Is 491251 a prime number?
True
Is 111427 a composite number?
False
Is 35537 prime?
True
Is 23813 prime?
True
Is 27791 a prime number?
True
Is 22337 prime?
False
Is 56099 a prime number?
True
Is 15349 composite?
False
Is 237417 composite?
True
Is 697471 a prime number?
False
Is 210901 a prime number?
True
Is 419651 a composite number?
False
Is 302723 composite?
False
Is 147677 a composite number?
True
Is 127207 a prime number?
True
Is 19373 a prime number?
True
Is 32869 a prime number?
True
Is 13291 a composite number?
False
Is 139 prime?
True
Is 705043 a prime number?
True
Is 184237 composite?
True
Is 70571 prime?
True
Is 13123 prime?
False
Is 976721 a composite number?
False
Is 745837 a composite number?
False
Is 31511 a composite number?
False
Is 263737 prime?
True
Is 15481 a composite number?
True
Is 45817 a composite number?
False
Is 100923 a prime number?
False
Is 3473843 a composite number?
False
Is 8023861 composite?
False
Is 1186 composite?
True
Is 49719 composite?
True
Is 141907 a prime number?
True
Is 1932355 prime?
False
Is 70211 a composite number?
True
Is 12199 prime?
False
Is 1446911 a composite number?
True
Is 222403 a composite number?
False
Is 6349 composite?
True
Is 2881435 prime?
False
Is 57055 a prime number?
False
Is 4317 prime?
False
Is 56767 composite?
False
Is 248233 composite?
True
Is 25141 prime?
False
Is 921 a prime number?
False
Is 2483 prime?
False
Is 87833 prime?
True
Is 1234421 composite?
True
Is 25841 composite?
False
Is 2297063 composite?
True
Is 32099 a composite number?
False
Is 9079 composite?
True
Is 1300553 prime?
True
Is 362603 a prime number?
False
Is 1033421 a prime number?
True
Is 58363 a prime number?
True
Is 1582001 a prime number?
True
Is 372454 composite?
True
Is 10243 composite?
False
Is 153815 a prime number?
False
Is 241909 a prime number?
False
Is 29123 a composite number?
False
Is 510809 prime?
False
Is 17807 a composite number?
False
Is 77041 prime?
True
Is 71259 a prime number?
False
Is 23741 composite?
False
Is 30353 composite?
True
Is 1876583 a composite number?
True
Is 31921 prime?
False
Is 451653 composite?
True
Is 1441 a composite number?
True
Is 226421 prime?
False
Is 16519 composite?
False
Is 101719 composite?
False
Is 80981 a prime number?
False
Is 222529 a prime number?
False
Is 3304745 a composite number?
True
Is 27862 a prime number?
False
Is 2831 composite?
True
Is 20693 a prime number?
True
Is 324107 composite?
True
Is 709793 a composite number?
True
Is 27563 composite?
True
Is 8135 a prime number?
False
Is 4109 a composite number?
True
Is 99563 prime?
True
Is 4055 prime?
False
Is 211213 a prime number?
True
Is 141439 a prime number?
True
Is 105427 prime?
False
Is 731369 a prime number?
True
Is 159947 composite?
True
Is 71549 a prime number?
True
Is 9077 prime?
False
Is 442951 a prime number?
False
Is 31961 a composite number?
True
Is 618299 prime?
False
Is 121403 a prime number?
True
Is 1693441 composite?
False
Is 97201 prime?
False
Is 20389 a composite number?
False
Is 28493 composite?
False
Is 106207 a composite number?
False
Is 1901 prime?
True
Is 35887 a composite number?
True
Is 3946 a composite number?
True
Is 34499 a prime number?
True
Is 1585889 a composite number?
False
Is 2446489 prime?
False
Is 38339 a prime number?
False
Is 93793 a prime number?
Fals